{"id":188,"date":"2025-09-12T10:36:57","date_gmt":"2025-09-12T08:36:57","guid":{"rendered":"https:\/\/woodpeacker-home.com\/?page_id=188"},"modified":"2025-09-12T12:44:18","modified_gmt":"2025-09-12T10:44:18","slug":"brda","status":"publish","type":"page","link":"https:\/\/woodpeacker-home.com\/?page_id=188","title":{"rendered":"BRDA"},"content":{"rendered":"\t\t<div data-elementor-type=\"wp-page\" data-elementor-id=\"188\" class=\"elementor elementor-188\">\n\t\t\t\t<div class=\"elementor-element elementor-element-d8aecad e-flex e-con-boxed e-con e-parent\" data-id=\"d8aecad\" data-element_type=\"container\">\n\t\t\t\t\t<div class=\"e-con-inner\">\n\t\t\t\t<div class=\"elementor-element elementor-element-ca5b8c9 elementor-widget elementor-widget-heading\" data-id=\"ca5b8c9\" data-element_type=\"widget\" data-widget_type=\"heading.default\">\n\t\t\t\t\t<h3 class=\"elementor-heading-title elementor-size-default\">Wprowadzenie do naszego projektu domu\n<\/h3>\t\t\t\t<\/div>\n\t\t\t\t\t<\/div>\n\t\t\t\t<\/div>\n\t\t<div class=\"elementor-element elementor-element-03935a7 e-flex e-con-boxed e-con e-parent\" data-id=\"03935a7\" data-element_type=\"container\">\n\t\t\t\t\t<div class=\"e-con-inner\">\n\t\t\t\t<div class=\"elementor-element elementor-element-d89d015 elementor-widget elementor-widget-text-editor\" data-id=\"d89d015\" data-element_type=\"widget\" data-widget_type=\"text-editor.default\">\n\t\t\t\t\t\t\t\t\t<h3 style=\"font-family: Oswald, sans-serif; font-size: 36px; color: #000000;\" data-start=\"104\" data-end=\"147\"><span style=\"font-size: 18px; font-family: Roboto, sans-serif; font-weight: 400;\">Ten projekt jest kwintesencj\u0105 naszej filozofii: po\u0142\u0105czenia zr\u00f3wnowa\u017conej innowacji z ponadczasowym designem. Od samego pocz\u0105tku naszym celem by\u0142o stworzenie domu, kt\u00f3ry nie tylko spe\u0142nia wsp\u00f3\u0142czesne standardy komfortu i funkcjonalno\u015bci, ale r\u00f3wnie\u017c wyznacza nowe kierunki w ekologicznym budownictwie.<\/span><\/h3><p style=\"font-size: 18px; color: #000000;\" data-start=\"453\" data-end=\"867\">Dom zosta\u0142 zaprojektowany z trosk\u0105 zar\u00f3wno o ludzi, jak i o \u015brodowisko. Dzi\u0119ki wykorzystaniu materia\u0142\u00f3w z odzysku i surowc\u00f3w odnawialnych, w po\u0142\u0105czeniu z nowoczesn\u0105 technologi\u0105 prefabrykacji, uda\u0142o nam si\u0119 zminimalizowa\u0107 \u015blad w\u0119glowy bez kompromis\u00f3w w jako\u015bci. Ka\u017cdy detal \u015bwiadczy o rzemio\u015ble\u00a0 od czystych linii architektonicznych po ciep\u0142e, naturalne wyko\u0144czenia, kt\u00f3re nadaj\u0105 przestrzeni wyj\u0105tkowy charakter.<\/p><p style=\"font-size: 18px; color: #000000;\">\u00a0<\/p><p style=\"font-size: 18px; color: #000000;\" data-start=\"869\" data-end=\"1132\">To, co naprawd\u0119 wyr\u00f3\u017cnia ten projekt, to r\u00f3wnowaga:\u00a0<strong data-start=\"921\" data-end=\"1038\">dom praktyczny, a zarazem elegancki; trwa\u0142y, a jednocze\u015bnie lekki; nowoczesny, a jednocze\u015bnie bliski cz\u0142owiekowi.<\/strong>\u00a0To co\u015b wi\u0119cej ni\u017c budynek\u00a0 to przestrze\u0144 do \u017cycia, kt\u00f3ra inspiruje, dopasowuje si\u0119 i trwa.<\/p>\t\t\t\t\t\t\t\t<\/div>\n\t\t\t\t\t<\/div>\n\t\t\t\t<\/div>\n\t\t<div class=\"elementor-element elementor-element-3c6381a e-flex e-con-boxed e-con e-parent\" data-id=\"3c6381a\" data-element_type=\"container\">\n\t\t\t\t\t<div class=\"e-con-inner\">\n\t\t\t\t<div class=\"elementor-element elementor-element-2ad63ed elementor-widget elementor-widget-image\" data-id=\"2ad63ed\" data-element_type=\"widget\" data-widget_type=\"image.default\">\n\t\t\t\t\t\t\t\t\t\t\t\t\t\t\t<img fetchpriority=\"high\" decoding=\"async\" width=\"692\" height=\"687\" src=\"https:\/\/woodpeacker-home.com\/wp-content\/uploads\/2025\/09\/77748885555.webp\" class=\"attachment-large size-large wp-image-190\" alt=\"\" srcset=\"https:\/\/woodpeacker-home.com\/wp-content\/uploads\/2025\/09\/77748885555.webp 692w, https:\/\/woodpeacker-home.com\/wp-content\/uploads\/2025\/09\/77748885555-300x298.webp 300w, https:\/\/woodpeacker-home.com\/wp-content\/uploads\/2025\/09\/77748885555-150x150.webp 150w\" sizes=\"(max-width: 692px) 100vw, 692px\" \/>\t\t\t\t\t\t\t\t\t\t\t\t\t\t\t<\/div>\n\t\t\t\t\t<\/div>\n\t\t\t\t<\/div>\n\t\t<div class=\"elementor-element elementor-element-e7cad4f e-flex e-con-boxed e-con e-parent\" data-id=\"e7cad4f\" data-element_type=\"container\">\n\t\t\t\t\t<div class=\"e-con-inner\">\n\t\t\t\t<div class=\"elementor-element elementor-element-966563f elementor-widget elementor-widget-image\" data-id=\"966563f\" data-element_type=\"widget\" data-widget_type=\"image.default\">\n\t\t\t\t\t\t\t\t\t\t\t\t\t\t\t<img decoding=\"async\" width=\"683\" height=\"595\" src=\"https:\/\/woodpeacker-home.com\/wp-content\/uploads\/2025\/09\/qqqwww111.webp\" class=\"attachment-large size-large wp-image-192\" alt=\"\" srcset=\"https:\/\/woodpeacker-home.com\/wp-content\/uploads\/2025\/09\/qqqwww111.webp 683w, https:\/\/woodpeacker-home.com\/wp-content\/uploads\/2025\/09\/qqqwww111-300x261.webp 300w\" sizes=\"(max-width: 683px) 100vw, 683px\" \/>\t\t\t\t\t\t\t\t\t\t\t\t\t\t\t<\/div>\n\t\t\t\t\t<\/div>\n\t\t\t\t<\/div>\n\t\t<div class=\"elementor-element elementor-element-98b87d3 e-flex e-con-boxed e-con e-parent\" data-id=\"98b87d3\" data-element_type=\"container\">\n\t\t\t\t\t<div class=\"e-con-inner\">\n\t\t\t\t<div class=\"elementor-element elementor-element-4aba4a3 elementor-widget elementor-widget-image\" data-id=\"4aba4a3\" data-element_type=\"widget\" data-widget_type=\"image.default\">\n\t\t\t\t\t\t\t\t\t\t\t\t\t\t\t<img decoding=\"async\" width=\"675\" height=\"822\" src=\"https:\/\/woodpeacker-home.com\/wp-content\/uploads\/2025\/09\/011122233.webp\" class=\"attachment-large size-large wp-image-193\" alt=\"\" srcset=\"https:\/\/woodpeacker-home.com\/wp-content\/uploads\/2025\/09\/011122233.webp 675w, https:\/\/woodpeacker-home.com\/wp-content\/uploads\/2025\/09\/011122233-246x300.webp 246w\" sizes=\"(max-width: 675px) 100vw, 675px\" \/>\t\t\t\t\t\t\t\t\t\t\t\t\t\t\t<\/div>\n\t\t\t\t\t<\/div>\n\t\t\t\t<\/div>\n\t\t<div class=\"elementor-element elementor-element-83c2fcf e-flex e-con-boxed e-con e-parent\" data-id=\"83c2fcf\" data-element_type=\"container\">\n\t\t\t\t\t<div class=\"e-con-inner\">\n\t\t\t\t<div class=\"elementor-element elementor-element-2e92f07 elementor-widget elementor-widget-image\" data-id=\"2e92f07\" data-element_type=\"widget\" data-widget_type=\"image.default\">\n\t\t\t\t\t\t\t\t\t\t\t\t\t\t\t<img loading=\"lazy\" decoding=\"async\" width=\"687\" height=\"565\" src=\"https:\/\/woodpeacker-home.com\/wp-content\/uploads\/2025\/09\/003323222211555.webp\" class=\"attachment-large size-large wp-image-194\" alt=\"\" srcset=\"https:\/\/woodpeacker-home.com\/wp-content\/uploads\/2025\/09\/003323222211555.webp 687w, https:\/\/woodpeacker-home.com\/wp-content\/uploads\/2025\/09\/003323222211555-300x247.webp 300w\" sizes=\"(max-width: 687px) 100vw, 687px\" \/>\t\t\t\t\t\t\t\t\t\t\t\t\t\t\t<\/div>\n\t\t\t\t\t<\/div>\n\t\t\t\t<\/div>\n\t\t<div class=\"elementor-element elementor-element-27232bf e-flex e-con-boxed e-con e-parent\" data-id=\"27232bf\" data-element_type=\"container\">\n\t\t\t\t\t<div class=\"e-con-inner\">\n\t\t\t\t<div class=\"elementor-element elementor-element-423514c elementor-widget elementor-widget-image\" data-id=\"423514c\" data-element_type=\"widget\" data-widget_type=\"image.default\">\n\t\t\t\t\t\t\t\t\t\t\t\t\t\t\t<img loading=\"lazy\" decoding=\"async\" width=\"716\" height=\"897\" src=\"https:\/\/woodpeacker-home.com\/wp-content\/uploads\/2025\/09\/mssss.webp\" class=\"attachment-large size-large wp-image-169\" alt=\"\" srcset=\"https:\/\/woodpeacker-home.com\/wp-content\/uploads\/2025\/09\/mssss.webp 716w, https:\/\/woodpeacker-home.com\/wp-content\/uploads\/2025\/09\/mssss-239x300.webp 239w\" sizes=\"(max-width: 716px) 100vw, 716px\" \/>\t\t\t\t\t\t\t\t\t\t\t\t\t\t\t<\/div>\n\t\t\t\t\t<\/div>\n\t\t\t\t<\/div>\n\t\t<div class=\"elementor-element elementor-element-7dcfecc e-flex e-con-boxed e-con e-parent\" data-id=\"7dcfecc\" data-element_type=\"container\">\n\t\t\t\t\t<div class=\"e-con-inner\">\n\t\t\t\t<div class=\"elementor-element elementor-element-1eed84a elementor-widget elementor-widget-image\" data-id=\"1eed84a\" data-element_type=\"widget\" data-widget_type=\"image.default\">\n\t\t\t\t\t\t\t\t\t\t\t\t\t\t\t<img loading=\"lazy\" decoding=\"async\" width=\"620\" height=\"927\" src=\"https:\/\/woodpeacker-home.com\/wp-content\/uploads\/2025\/09\/232363.webp\" class=\"attachment-large size-large wp-image-118\" alt=\"\" srcset=\"https:\/\/woodpeacker-home.com\/wp-content\/uploads\/2025\/09\/232363.webp 620w, https:\/\/woodpeacker-home.com\/wp-content\/uploads\/2025\/09\/232363-201x300.webp 201w\" sizes=\"(max-width: 620px) 100vw, 620px\" \/>\t\t\t\t\t\t\t\t\t\t\t\t\t\t\t<\/div>\n\t\t\t\t\t<\/div>\n\t\t\t\t<\/div>\n\t\t<div class=\"elementor-element elementor-element-df65c48 e-flex e-con-boxed e-con e-parent\" data-id=\"df65c48\" data-element_type=\"container\">\n\t\t\t\t\t<div class=\"e-con-inner\">\n\t\t\t\t<div class=\"elementor-element elementor-element-88189e2 elementor-widget elementor-widget-image\" data-id=\"88189e2\" data-element_type=\"widget\" data-widget_type=\"image.default\">\n\t\t\t\t\t\t\t\t\t\t\t\t\t\t\t<img loading=\"lazy\" decoding=\"async\" width=\"681\" height=\"950\" src=\"https:\/\/woodpeacker-home.com\/wp-content\/uploads\/2025\/09\/mmmmmmpooo1010.webp\" class=\"attachment-large size-large wp-image-195\" alt=\"\" srcset=\"https:\/\/woodpeacker-home.com\/wp-content\/uploads\/2025\/09\/mmmmmmpooo1010.webp 681w, https:\/\/woodpeacker-home.com\/wp-content\/uploads\/2025\/09\/mmmmmmpooo1010-215x300.webp 215w\" sizes=\"(max-width: 681px) 100vw, 681px\" \/>\t\t\t\t\t\t\t\t\t\t\t\t\t\t\t<\/div>\n\t\t\t\t\t<\/div>\n\t\t\t\t<\/div>\n\t\t<div class=\"elementor-element elementor-element-4ef8b3d e-flex e-con-boxed e-con e-parent\" data-id=\"4ef8b3d\" data-element_type=\"container\">\n\t\t\t\t\t<div class=\"e-con-inner\">\n\t\t\t\t<div class=\"elementor-element elementor-element-21d2b0e elementor-widget elementor-widget-image\" data-id=\"21d2b0e\" data-element_type=\"widget\" data-widget_type=\"image.default\">\n\t\t\t\t\t\t\t\t\t\t\t\t\t\t\t<img loading=\"lazy\" decoding=\"async\" width=\"676\" height=\"932\" src=\"https:\/\/woodpeacker-home.com\/wp-content\/uploads\/2025\/09\/maa123234.webp\" class=\"attachment-large size-large wp-image-196\" alt=\"\" srcset=\"https:\/\/woodpeacker-home.com\/wp-content\/uploads\/2025\/09\/maa123234.webp 676w, https:\/\/woodpeacker-home.com\/wp-content\/uploads\/2025\/09\/maa123234-218x300.webp 218w\" sizes=\"(max-width: 676px) 100vw, 676px\" \/>\t\t\t\t\t\t\t\t\t\t\t\t\t\t\t<\/div>\n\t\t\t\t\t<\/div>\n\t\t\t\t<\/div>\n\t\t<div class=\"elementor-element elementor-element-de9d0c9 e-flex e-con-boxed e-con e-parent\" data-id=\"de9d0c9\" data-element_type=\"container\">\n\t\t\t\t\t<div class=\"e-con-inner\">\n\t\t\t\t<div class=\"elementor-element elementor-element-3087adc elementor-widget elementor-widget-button\" data-id=\"3087adc\" data-element_type=\"widget\" data-widget_type=\"button.default\">\n\t\t\t\t\t\t\t\t\t\t<a class=\"elementor-button elementor-button-link elementor-size-sm\" href=\"https:\/\/woodpeacker-home.com\/?page_id=130#\">\n\t\t\t\t\t\t<span class=\"elementor-button-content-wrapper\">\n\t\t\t\t\t\t\t\t\t<span class=\"elementor-button-text\">skontaktuj si\u0119<\/span>\n\t\t\t\t\t<\/span>\n\t\t\t\t\t<\/a>\n\t\t\t\t\t\t\t\t<\/div>\n\t\t\t\t\t<\/div>\n\t\t\t\t<\/div>\n\t\t\t\t<\/div>\n\t\t","protected":false},"excerpt":{"rendered":"<p>Wprowadzenie do naszego projektu domu Ten projekt jest kwintesencj\u0105 naszej filozofii: po\u0142\u0105czenia zr\u00f3wnowa\u017conej innowacji z ponadczasowym designem. Od samego pocz\u0105tku naszym celem by\u0142o stworzenie domu, kt\u00f3ry nie tylko spe\u0142nia wsp\u00f3\u0142czesne standardy komfortu i funkcjonalno\u015bci, ale r\u00f3wnie\u017c wyznacza nowe kierunki w ekologicznym budownictwie. Dom zosta\u0142 zaprojektowany z trosk\u0105 zar\u00f3wno o ludzi, jak i o \u015brodowisko. Dzi\u0119ki [&hellip;]<\/p>\n","protected":false},"author":1,"featured_media":0,"parent":0,"menu_order":0,"comment_status":"closed","ping_status":"closed","template":"","meta":{"footnotes":""},"class_list":["post-188","page","type-page","status-publish","hentry"],"yoast_head":"<!-- This site is optimized with the Yoast SEO plugin v25.9 - https:\/\/yoast.com\/wordpress\/plugins\/seo\/ -->\n<title>BRDA - Woodpeacker-home<\/title>\n<meta name=\"robots\" content=\"index, follow, max-snippet:-1, max-image-preview:large, max-video-preview:-1\" \/>\n<link rel=\"canonical\" href=\"https:\/\/woodpeacker-home.com\/?page_id=188\" \/>\n<meta property=\"og:locale\" content=\"en_US\" \/>\n<meta property=\"og:type\" content=\"article\" \/>\n<meta property=\"og:title\" content=\"BRDA - Woodpeacker-home\" \/>\n<meta property=\"og:description\" content=\"Wprowadzenie do naszego projektu domu Ten projekt jest kwintesencj\u0105 naszej filozofii: po\u0142\u0105czenia zr\u00f3wnowa\u017conej innowacji z ponadczasowym designem. Od samego pocz\u0105tku naszym celem by\u0142o stworzenie domu, kt\u00f3ry nie tylko spe\u0142nia wsp\u00f3\u0142czesne standardy komfortu i funkcjonalno\u015bci, ale r\u00f3wnie\u017c wyznacza nowe kierunki w ekologicznym budownictwie. Dom zosta\u0142 zaprojektowany z trosk\u0105 zar\u00f3wno o ludzi, jak i o \u015brodowisko. Dzi\u0119ki [&hellip;]\" \/>\n<meta property=\"og:url\" content=\"https:\/\/woodpeacker-home.com\/?page_id=188\" \/>\n<meta property=\"og:site_name\" content=\"Woodpeacker-home\" \/>\n<meta property=\"article:modified_time\" content=\"2025-09-12T10:44:18+00:00\" \/>\n<meta property=\"og:image\" content=\"https:\/\/woodpeacker-home.com\/wp-content\/uploads\/2025\/09\/77748885555.webp\" \/>\n\t<meta property=\"og:image:width\" content=\"692\" \/>\n\t<meta property=\"og:image:height\" content=\"687\" \/>\n\t<meta property=\"og:image:type\" content=\"image\/webp\" \/>\n<meta name=\"twitter:card\" content=\"summary_large_image\" \/>\n<meta name=\"twitter:label1\" content=\"Est. reading time\" \/>\n\t<meta name=\"twitter:data1\" content=\"1 minute\" \/>\n<script type=\"application\/ld+json\" class=\"yoast-schema-graph\">{\"@context\":\"https:\/\/schema.org\",\"@graph\":[{\"@type\":\"WebPage\",\"@id\":\"https:\/\/woodpeacker-home.com\/?page_id=188\",\"url\":\"https:\/\/woodpeacker-home.com\/?page_id=188\",\"name\":\"BRDA - Woodpeacker-home\",\"isPartOf\":{\"@id\":\"https:\/\/woodpeacker-home.com\/#website\"},\"primaryImageOfPage\":{\"@id\":\"https:\/\/woodpeacker-home.com\/?page_id=188#primaryimage\"},\"image\":{\"@id\":\"https:\/\/woodpeacker-home.com\/?page_id=188#primaryimage\"},\"thumbnailUrl\":\"https:\/\/woodpeacker-home.com\/wp-content\/uploads\/2025\/09\/77748885555.webp\",\"datePublished\":\"2025-09-12T08:36:57+00:00\",\"dateModified\":\"2025-09-12T10:44:18+00:00\",\"breadcrumb\":{\"@id\":\"https:\/\/woodpeacker-home.com\/?page_id=188#breadcrumb\"},\"inLanguage\":\"en-US\",\"potentialAction\":[{\"@type\":\"ReadAction\",\"target\":[\"https:\/\/woodpeacker-home.com\/?page_id=188\"]}]},{\"@type\":\"ImageObject\",\"inLanguage\":\"en-US\",\"@id\":\"https:\/\/woodpeacker-home.com\/?page_id=188#primaryimage\",\"url\":\"https:\/\/woodpeacker-home.com\/wp-content\/uploads\/2025\/09\/77748885555.webp\",\"contentUrl\":\"https:\/\/woodpeacker-home.com\/wp-content\/uploads\/2025\/09\/77748885555.webp\",\"width\":692,\"height\":687},{\"@type\":\"BreadcrumbList\",\"@id\":\"https:\/\/woodpeacker-home.com\/?page_id=188#breadcrumb\",\"itemListElement\":[{\"@type\":\"ListItem\",\"position\":1,\"name\":\"Home\",\"item\":\"https:\/\/woodpeacker-home.com\/\"},{\"@type\":\"ListItem\",\"position\":2,\"name\":\"BRDA\"}]},{\"@type\":\"WebSite\",\"@id\":\"https:\/\/woodpeacker-home.com\/#website\",\"url\":\"https:\/\/woodpeacker-home.com\/\",\"name\":\"Woodpeacker-home\",\"description\":\"Woodpeacker-home\",\"potentialAction\":[{\"@type\":\"SearchAction\",\"target\":{\"@type\":\"EntryPoint\",\"urlTemplate\":\"https:\/\/woodpeacker-home.com\/?s={search_term_string}\"},\"query-input\":{\"@type\":\"PropertyValueSpecification\",\"valueRequired\":true,\"valueName\":\"search_term_string\"}}],\"inLanguage\":\"en-US\"}]}<\/script>\n<!-- \/ Yoast SEO plugin. -->","yoast_head_json":{"title":"BRDA - Woodpeacker-home","robots":{"index":"index","follow":"follow","max-snippet":"max-snippet:-1","max-image-preview":"max-image-preview:large","max-video-preview":"max-video-preview:-1"},"canonical":"https:\/\/woodpeacker-home.com\/?page_id=188","og_locale":"en_US","og_type":"article","og_title":"BRDA - Woodpeacker-home","og_description":"Wprowadzenie do naszego projektu domu Ten projekt jest kwintesencj\u0105 naszej filozofii: po\u0142\u0105czenia zr\u00f3wnowa\u017conej innowacji z ponadczasowym designem. Od samego pocz\u0105tku naszym celem by\u0142o stworzenie domu, kt\u00f3ry nie tylko spe\u0142nia wsp\u00f3\u0142czesne standardy komfortu i funkcjonalno\u015bci, ale r\u00f3wnie\u017c wyznacza nowe kierunki w ekologicznym budownictwie. Dom zosta\u0142 zaprojektowany z trosk\u0105 zar\u00f3wno o ludzi, jak i o \u015brodowisko. Dzi\u0119ki [&hellip;]","og_url":"https:\/\/woodpeacker-home.com\/?page_id=188","og_site_name":"Woodpeacker-home","article_modified_time":"2025-09-12T10:44:18+00:00","og_image":[{"width":692,"height":687,"url":"https:\/\/woodpeacker-home.com\/wp-content\/uploads\/2025\/09\/77748885555.webp","type":"image\/webp"}],"twitter_card":"summary_large_image","twitter_misc":{"Est. reading time":"1 minute"},"schema":{"@context":"https:\/\/schema.org","@graph":[{"@type":"WebPage","@id":"https:\/\/woodpeacker-home.com\/?page_id=188","url":"https:\/\/woodpeacker-home.com\/?page_id=188","name":"BRDA - Woodpeacker-home","isPartOf":{"@id":"https:\/\/woodpeacker-home.com\/#website"},"primaryImageOfPage":{"@id":"https:\/\/woodpeacker-home.com\/?page_id=188#primaryimage"},"image":{"@id":"https:\/\/woodpeacker-home.com\/?page_id=188#primaryimage"},"thumbnailUrl":"https:\/\/woodpeacker-home.com\/wp-content\/uploads\/2025\/09\/77748885555.webp","datePublished":"2025-09-12T08:36:57+00:00","dateModified":"2025-09-12T10:44:18+00:00","breadcrumb":{"@id":"https:\/\/woodpeacker-home.com\/?page_id=188#breadcrumb"},"inLanguage":"en-US","potentialAction":[{"@type":"ReadAction","target":["https:\/\/woodpeacker-home.com\/?page_id=188"]}]},{"@type":"ImageObject","inLanguage":"en-US","@id":"https:\/\/woodpeacker-home.com\/?page_id=188#primaryimage","url":"https:\/\/woodpeacker-home.com\/wp-content\/uploads\/2025\/09\/77748885555.webp","contentUrl":"https:\/\/woodpeacker-home.com\/wp-content\/uploads\/2025\/09\/77748885555.webp","width":692,"height":687},{"@type":"BreadcrumbList","@id":"https:\/\/woodpeacker-home.com\/?page_id=188#breadcrumb","itemListElement":[{"@type":"ListItem","position":1,"name":"Home","item":"https:\/\/woodpeacker-home.com\/"},{"@type":"ListItem","position":2,"name":"BRDA"}]},{"@type":"WebSite","@id":"https:\/\/woodpeacker-home.com\/#website","url":"https:\/\/woodpeacker-home.com\/","name":"Woodpeacker-home","description":"Woodpeacker-home","potentialAction":[{"@type":"SearchAction","target":{"@type":"EntryPoint","urlTemplate":"https:\/\/woodpeacker-home.com\/?s={search_term_string}"},"query-input":{"@type":"PropertyValueSpecification","valueRequired":true,"valueName":"search_term_string"}}],"inLanguage":"en-US"}]}},"rttpg_featured_image_url":null,"rttpg_author":{"display_name":"rem269222","author_link":"https:\/\/woodpeacker-home.com\/?author=1"},"rttpg_comment":0,"rttpg_category":null,"rttpg_excerpt":"Wprowadzenie do naszego projektu domu Ten projekt jest kwintesencj\u0105 naszej filozofii: po\u0142\u0105czenia zr\u00f3wnowa\u017conej innowacji z ponadczasowym designem. Od samego pocz\u0105tku naszym celem by\u0142o stworzenie domu, kt\u00f3ry nie tylko spe\u0142nia wsp\u00f3\u0142czesne standardy komfortu i funkcjonalno\u015bci, ale r\u00f3wnie\u017c wyznacza nowe kierunki w ekologicznym budownictwie. Dom zosta\u0142 zaprojektowany z trosk\u0105 zar\u00f3wno o ludzi, jak i o \u015brodowisko. Dzi\u0119ki&hellip;","_links":{"self":[{"href":"https:\/\/woodpeacker-home.com\/index.php?rest_route=\/wp\/v2\/pages\/188","targetHints":{"allow":["GET"]}}],"collection":[{"href":"https:\/\/woodpeacker-home.com\/index.php?rest_route=\/wp\/v2\/pages"}],"about":[{"href":"https:\/\/woodpeacker-home.com\/index.php?rest_route=\/wp\/v2\/types\/page"}],"author":[{"embeddable":true,"href":"https:\/\/woodpeacker-home.com\/index.php?rest_route=\/wp\/v2\/users\/1"}],"replies":[{"embeddable":true,"href":"https:\/\/woodpeacker-home.com\/index.php?rest_route=%2Fwp%2Fv2%2Fcomments&post=188"}],"version-history":[{"count":11,"href":"https:\/\/woodpeacker-home.com\/index.php?rest_route=\/wp\/v2\/pages\/188\/revisions"}],"predecessor-version":[{"id":256,"href":"https:\/\/woodpeacker-home.com\/index.php?rest_route=\/wp\/v2\/pages\/188\/revisions\/256"}],"wp:attachment":[{"href":"https:\/\/woodpeacker-home.com\/index.php?rest_route=%2Fwp%2Fv2%2Fmedia&parent=188"}],"curies":[{"name":"wp","href":"https:\/\/api.w.org\/{rel}","templated":true}]}}